s 1881577 composite?
True
Is 1206011 a prime number?
False
Is 7269569 composite?
False
Is 67439461 prime?
True
Is 50205277 a composite number?
True
Is 15409841 a prime number?
True
Is 6011399 a prime number?
True
Is 4386479 a prime number?
False
Is 39943 a composite number?
True
Is 350503921 a composite number?
False
Is 2109155 a prime number?
False
Is 53336474 prime?
False
Is 1985720195 a composite number?
True
Is 210016223 a prime number?
False
Is 483946 composite?
True
Is 9017159 a prime number?
False
Is 6698897 a composite number?
False
Is 46221653 a prime number?
False
Is 1806257 composite?
True
Is 1147097 prime?
False
Is 11508821 composite?
True
Is 305886103 prime?
True
Is 2962699 composite?
True
Is 51631001 composite?
True
Is 3060133 a composite number?
True
Is 10007401 a composite number?
False
Is 144190747 composite?
False
Is 18228761 prime?
False
Is 5264965 a prime number?
False
Is 177043859 composite?
True
Is 61808633 a prime number?
False
Is 929233 prime?
False
Is 332647531 a composite number?
False
Is 5251479 a composite number?
True
Is 2491519 a composite number?
False
Is 82341443 composite?
False
Is 10667441 a composite number?
True
Is 126603157 a prime number?
True
Is 88178143 a prime number?
True
Is 94799459 a composite number?
False
Is 5493729 composite?
True
Is 156298319 prime?
False
Is 79352359 prime?
False
Is 366158311 a prime number?
False
Is 3244503 prime?
False
Is 2046599 prime?
False
Is 4316467 composite?
True
Is 37673087 a prime number?
True
Is 55977269 composite?
False
Is 245590127 prime?
False
Is 8420089 a composite number?
True
Is 4597477 prime?
False
Is 18867461 prime?
True
Is 652996907 a composite number?
False
Is 390463 a prime number?
True
Is 19888811 a composite number?
False
Is 7613189 prime?
False
Is 40660181 a prime number?
True
Is 147363394 prime?
False
Is 15308261 prime?
False
Is 873177563 composite?
False
Is 16042027 prime?
False
Is 20757577 composite?
False
Is 4998647 a prime number?
True
Is 33929849 prime?
True
Is 44780429 a prime number?
False
Is 7143821 a prime number?
True
Is 597451 composite?
False
Is 281083919 prime?
True
Is 169339 prime?
True
Is 2159257 a composite number?
True
Is 10441022 prime?
False
Is 246419773 composite?
False
Is 3843115 prime?
False
Is 6862039 prime?
True
Is 38532763 composite?
False
Is 18139859 a prime number?
True
Is 12587797 a prime number?
True
Is 27782383 a composite number?
False
Is 2490809 a composite number?
False
Is 9403871 a prime number?
True
Is 411703 prime?
True
Is 14898649 prime?
True
Is 3620467 prime?
True
Is 42763421 a composite number?
True
Is 80627251 composite?
False
Is 13631458 composite?
True
Is 3463361 prime?
False
Is 16841609 a composite number?
True
Is 368227 a composite number?
False
Is 1421809 composite?
True
Is 476441101 composite?
False
Is 4305841 a prime number?
False
Is 8204601 prime?
False
Is 208080679 prime?
True
Is 13181845 composite?
True
Is 5607151 prime?
False
Is 108152213 composite?
True
Is 2873777 prime?
True
Is 8005643 composite?
False
Is 530292137 a prime number?
True
Is 115667173 composite?
False
Is 5311703 a composite number?
False
Is 213476513 a composite number?
False
Is 1807250557 a prime number?
False
Is 54137273 composite?
True
Is 1309181 composite?
False
Is 2373113 prime?
False
Is 14355907 composite?
False
Is 5886611 prime?
True
Is 2735711 a prime number?
False
Is 23487041 a composite number?
True
Is 3811877 a composite number?
False
Is 65970995 a composite number?
True
Is 360069289 a composite number?
True
Is 26016083 a prime number?
False
Is 8286097 a prime number?
True
Is 3495991 a composite number?
True
Is 18110843 a prime number?
True
Is 442903 composite?
False
Is 2597377 composite?
False
Is 18035753 composite?
False
Is 2119061 prime?
False
Is 171507827 a prime number?
False
Is 345281 prime?
False
Is 12880573 a composite number?
True
Is 24783478 a composite number?
True
Is 132743437 composite?
True
Is 6983231 a prime number?
True
Is 8248321 prime?
True
Is 46778647 a prime number?
False
Is 71961377 composite?
False
Is 76181 a composite number?
True
Is 53434511 composite?
True
Is 31449961 composite?
True
Is 6834251 a composite number?
True
Is 8770513 composite?
True
Is 15231142 composite?
True
Is 34185491 composite?
False
Is 10853195 a composite number?
True
Is 3806357 a composite number?
True
Is 8895197 prime?
True
Is 10382209 a composite number?
False
Is 17405965 a prime number?
False
Is 86287931 composite?
False
Is 364435963 a composite number?
True
Is 159605683 a prime number?
False
Is 7705591 prime?
True
Is 7466401 prime?
True
Is 34519847 prime?
True
Is 2073119 a prime number?
True
Is 2760811 composite?
False
Is 880301 prime?
True
Is 11036845 a composite number?
True
Is 19745287 a composite number?
False
Is 2936603 a composite number?
False
Is 6791429 prime?
True
Is 255183722 a composite number?
True
Is 10217593 composite?
True
Is 1929167 composite?
True
Is 125944359 composite?
True
Is 95464177 composite?
False
Is 41867 composite?
True
Is 121675049 prime?
False
Is 3163099 prime?
True
Is 122154001 a prime number?
True
Is 1205126921 a composite number?
False
Is 1842637 a prime number?
False
Is 81917183 composite?
False
Is 134191709 composite?
True
Is 99586877 composite?
True
Is 1006289 composite?
True
Is 258122131 a composite number?
False
Is 10206257 composite?
False
Is 786289 composite?
True
Is 47941 a composite number?
True
Is 3573461 composite?
False
Is 125202563 prime?
False
Is 2134959 a composite number?
True
Is 6666449 a prime number?
True
Is 29900639 a prime number?
False
Is 73144411 a composite number?
True
Is 28007929 composite?
True
Is 50109793 a composite number?
False
Is 564113 prime?
False
Is 8733145 a composite number?
True
Is 72205381 composite?
False
Is 117259741 a composite number?
False
Is 22800005 composite?
True
Is 8738153 composite?
True
Is 15689831 a composite number?
False
Is 74300143 a prime number?
False
Is 7655639 a prime number?
True
Is 32904665 a prime number?
False
Is 575161309 a composite number?
False
Is 14567687 prime?
True
Is 32329613 composite?
True
Is 341265031 a composite number?
False
Is 872411 a composite number?
False
Is 2906551 composite?
True
Is 545759 prime?
True
Is 1320533 prime?
True
Is 790693 composite?
False
Is 12949829 a composite number?
False
Is 166206329 a prime number?
True
Is 13118299 a composite number?
False
Is 6951197 composite?
True
Is 489071029 composite?
True
Is 1966889 composite?
False
Is 3791707 prime?
False
Is 59226269 prime?
True
Is 202251461 a composite number?
True
Is 19027241 a composite number?
True
Is 6190367 composite?
False
Is 3102577 prime?
False
Is 285213 prime?
False
Is 15808145 a composite number?
True
Is 1451977 composite?
True
Is 5072621 a prime number?
True
Is 3839417 composite?
False
Is 85423733 a composite number?
False
Is 174631291 prime?
True
Is 1013993 a composite number?
False
Is 59411351 a composite number?
False
Is 3533963 a prime number?
True
Is 15770927 composite?
True
Is 82726153 a prime number?
True
Is 19044587 prime?
False
Is 2007721 a prime number?
True
Is 5873797 prime?
False
Is 4922287 composite?
False
Is 24508241 prime?
True
Is 111029 a prime number?
True
Is 12082319 composite?
False
Is 114053 a prime number?
False
Is 7982201 a composite number?
False
Is 24401801 a prime number?
True
Is 5890519 composite?
True
Is 145715441 a prime number?
True
Is 362081 a prime number?
True
Is 7329013 composite?
False
Is 11574413 a composite number?
False
Is 734411933 a composite number?
False
Is 1683340133 a composite number?
True
Is 17789237 a composite number?
True
Is 2435597 prime?
True
Is 35798801 a composite number?
False
Is 785141381 prime?
True
Is 163081171 a prime number?
False
Is 7415993 a composite number?
True
Is 67316086 prime?
False
Is 8344423 composite?
True
Is 20721391 composite?
False
Is 63213961 prime?
True
Is 5231701 a composite number?
False
Is 1288893 a composite number?
True
Is 72314929 prime?
False
Is 4664819 a prime number?
True
Is 807281 prime?
True
Is 543810491 composite?
True
Is 5138747 a composite number?
False
Is 14665127 a composite number?
False
Is 43065137 prime?
False
Is 21238843 a prime number?
True
Is 42343169 a composite number?
True
Is 2444737 composite?
False
Is 136273333 composite?
True
Is 2913049 a pr